{"id":882,"date":"2020-11-10T20:00:53","date_gmt":"2020-11-10T20:00:53","guid":{"rendered":"http:\/\/noname-records.de\/?page_id=882"},"modified":"2026-02-21T17:31:16","modified_gmt":"2026-02-21T17:31:16","slug":"biografie","status":"publish","type":"page","link":"https:\/\/noname-records.de\/?page_id=882","title":{"rendered":"Biografie NoName"},"content":{"rendered":"\t\t<div data-elementor-type=\"wp-page\" data-elementor-id=\"882\" class=\"elementor elementor-882\">\n\t\t\t\t\t\t<section class=\"elementor-section elementor-top-section elementor-element elementor-element-19a766a elementor-section-boxed elementor-section-height-default elementor-section-height-default wpr-particle-no wpr-jarallax-no wpr-parallax-no wpr-sticky-section-no\" data-id=\"19a766a\" data-element_type=\"section\">\n\t\t\t\t\t\t<div class=\"elementor-container elementor-column-gap-default\">\n\t\t\t\t\t<div class=\"elementor-column elementor-col-100 elementor-top-column elementor-element elementor-element-a58de53\" data-id=\"a58de53\" data-element_type=\"column\">\n\t\t\t<div class=\"elementor-widget-wrap elementor-element-populated\">\n\t\t\t\t\t\t<div class=\"elementor-element elementor-element-0035666 elementor-widget elementor-widget-heading\" data-id=\"0035666\" data-element_type=\"widget\" data-widget_type=\"heading.default\">\n\t\t\t\t<div class=\"elementor-widget-container\">\n\t\t\t\t\t<h2 class=\"elementor-heading-title elementor-size-large\"><h1 style=\"text-align: center\">NoName (*11.Oktober 1998 in Deutschland; b\u00fcrgerlich Raik Menzel) ist ein Audio Engineer, Produzent, Studioinhaber und Rapper aus NRW. Er besitzt sein eigenes Label \"NoName Records\".&nbsp;<\/h1><\/h2>\t\t\t\t<\/div>\n\t\t\t\t<\/div>\n\t\t\t\t<div class=\"elementor-element elementor-element-fbc0b18 elementor-widget elementor-widget-text-editor\" data-id=\"fbc0b18\" data-element_type=\"widget\" data-widget_type=\"text-editor.default\">\n\t\t\t\t<div class=\"elementor-widget-container\">\n\t\t\t\t\t\t\t\t\t<h6>\u00a0<\/h6><h1 style=\"text-align: center;\"><span style=\"color: #ffffff;\">Stil:<\/span><\/h1><h6>\u00a0<\/h6><h6><span style=\"font-size: 18pt;\">NoNames Markenzeichen ist ein Bandana mit seinem Logo, das er stets in Musikvideos oder Interviews tr\u00e4gt, seine Spielereien mit der Stimmlage (meist stark gepresst oder eine wimmernde Stimmlage)<\/span><br \/><span style=\"font-size: 18pt;\">und die Tatsache, dass die Alben ganze Geschichten erz\u00e4hlen und ein H\u00f6rspiel im Rap-Format darstellen.<\/span><br \/><span style=\"font-size: 18pt;\">Oft werden auch kleine H\u00f6rspiel-Skits zur Unterst\u00fctzung der Geschichte eingesprochen (bsp. &#8222;NoName &#8211; NekroRomantik (2018)&#8220; 01. Intro, 18. Outro. &#8222;NoName &#8211; Gespaltene Pers\u00f6nlichkeit (2020)&#8220; 07. Kotzflecken.)<\/span><br \/><span style=\"font-size: 18pt;\">Der generelle Musikstil wird dem Horrorkore, Hardcore-Rap oder dem Porno-Rap zugeordnet, allerdings \u00e4hneln die neueren Werke (NoName Records &#8211; Der Sampler (2019), NoName &#8211; Gespaltene Pers\u00f6nlichkeit (2020)<\/span><br \/><span style=\"font-size: 18pt;\">eher dem Stra\u00dfen- oder Gangsta-Rap.<\/span><\/h6>\t\t\t\t\t\t\t\t<\/div>\n\t\t\t\t<\/div>\n\t\t\t\t\t<\/div>\n\t\t<\/div>\n\t\t\t\t\t<\/div>\n\t\t<\/section>\n\t\t\t\t<section class=\"elementor-section elementor-top-section elementor-element elementor-element-54bdd03 elementor-section-boxed elementor-section-height-default elementor-section-height-default wpr-particle-no wpr-jarallax-no wpr-parallax-no wpr-sticky-section-no\" data-id=\"54bdd03\" data-element_type=\"section\">\n\t\t\t\t\t\t<div class=\"elementor-container elementor-column-gap-default\">\n\t\t\t\t\t<div class=\"elementor-column elementor-col-50 elementor-top-column elementor-element elementor-element-f5b2ba1\" data-id=\"f5b2ba1\" data-element_type=\"column\">\n\t\t\t<div class=\"elementor-widget-wrap elementor-element-populated\">\n\t\t\t\t\t\t<div class=\"elementor-element elementor-element-8100c09 elementor-widget elementor-widget-text-editor\" data-id=\"8100c09\" data-element_type=\"widget\" data-widget_type=\"text-editor.default\">\n\t\t\t\t<div class=\"elementor-widget-container\">\n\t\t\t\t\t\t\t\t\t<h1>Entwicklung:<\/h1><h6>\u00a0<\/h6><h6><span style=\"font-size: 18pt;\">Bereits 2013 fing &#8222;NoName&#8220; an, Musik zu produzieren. Zun\u00e4chst nur f\u00fcr sich und seine Freunde, danach f\u00fcr die \u00d6ffentlichkeit.<\/span><br \/><span style=\"font-size: 18pt;\">Die ersten Songs wurden mit dem Rapper &#8222;MaVerIcK&#8220; gegen 2014 aufgenommen und produziert. Dieser brachte &#8222;NoName&#8220; die Grundlagen f\u00fcr die Audiobearbeitung bei.<\/span><br \/><span style=\"font-size: 18pt;\">Nach dem Einrichten seines ersten Homestudios &#8222;Der Untergrund&#8220; (2015), brachte er seine erste Demo-CD &#8222;NoName &#8211; Das Mixtape (2016)&#8220; heraus.<\/span><br \/><span style=\"font-size: 18pt;\">Zeitgleich mit der Er\u00f6ffnung des Homestudios &#8222;Der Untergrund&#8220;, folgte die Gr\u00fcndung der Crew &#8222;NoName Records&#8220;.<\/span><br \/><span style=\"font-size: 18pt;\">Nach einigen gescheiterten Gruppen-Projekten entstand die zweite Solo Demo-CD &#8222;NoName &#8211; Die Kannibalen EP (2017)&#8220;.<\/span><br \/><span style=\"font-size: 18pt;\">NoName zeichnet sich dadurch aus, dass er eine gescriptete Geschichte \u00fcber eine Album-L\u00e4nge erz\u00e4hlt, so dass man ein H\u00f6rspiel im Rap-Format erh\u00e4lt.<\/span><br \/><span style=\"font-size: 18pt;\">Die Geschichte der zweiten Demo-CD hatte ein offenes Ende, so dass sie weiter gef\u00fchrt werden konnte.<\/span><br \/><span style=\"font-size: 18pt;\">Diese wurde 2018 mit der dritten Demo-CD &#8222;NoName &#8211; NekroRomantik (2018)&#8220; fortgesetzt.<\/span><br \/><span style=\"font-size: 18pt;\">Damit ist NoName der erste deutsche Horrorkore-Rapper, der eine Geschichte \u00fcber mehrere Alben erz\u00e4hlt.<\/span><br \/><span style=\"font-size: 18pt;\">Zum gleichen Zeitpunkt ersetzte er sein erstes Homestudio und nannte es fortan &#8222;Der Untergrund 2.0&#8220;, welches professioneller ausgestattet wurde und in diesem Zeitraum das Haupt-Studio der Crew darstellte.<\/span><br \/><span style=\"font-size: 18pt;\">2019 erschien die Demo-CD &#8222;NoName Records &#8211; Der Sampler (2019)&#8220;, in dem alle Gruppenprojekte zu einem gro\u00dfen Werk zusammengef\u00fchrt wurden.<\/span><br \/><span style=\"font-size: 18pt;\">Die Besonderheit ist die relativ gro\u00dfe Zeitspanne, in der die Aufnahmen entstanden sind (2015-2019).<\/span><br \/><span style=\"font-size: 18pt;\">2020 erschien dann das erste offizielle Album von NoName &#8222;Gespaltene Pers\u00f6nlichkeit&#8220; in digitaler und physischer Form.<\/span><br \/><span style=\"font-size: 18pt;\">Das Besondere an diesem Album ist, dass der Rapper &#8222;NoName&#8220; das erste Mal nicht aus der Sicht einer Kunstfigur rappt, sondern aus seiner eigenen.<\/span><br \/><span style=\"font-size: 18pt;\">NoName berichtet aus tats\u00e4chlichen Ereignissen seines Lebens, dennoch sind Titel auf dem Album, die dem alten Stil treu bleiben und wieder aus der Sicht seiner Kunstfigur stammen.<\/span><br \/><span style=\"font-size: 18pt;\">Da &#8222;NoName&#8220; zahlreiche Markenrechte f\u00fcr sich gewinnen konnte, kann er jetzt offiziell handeln und neue Ziele seiner Karriere realisieren.<\/span><br \/><span style=\"font-size: 18pt;\">Somit ist &#8222;NoName Records&#8220; offiziell.<br \/><\/span><\/h6><h6><span style=\"font-size: 18pt;\">Ende 2025 gr\u00fcndete Raik Menzel, auch bekannt als NoName, den Premium-Audio-Dienstleister Grind Audio. Mit diesem Schritt endet die offizielle Legacy von NoName Records als aktives Kernprojekt.<\/span><\/h6><h6><span style=\"font-size: 18pt;\">Das Label bleibt dennoch bestehen: In vereinzelten Releases k\u00f6nnen weiterhin Ver\u00f6ffentlichungen einzelner Mitglieder erscheinen. Der klare Fokus richtet sich jedoch ab diesem Zeitpunkt auf Grind Audio, dies ist die n\u00e4chste Evolutionsstufe, mit kompromisslosem Anspruch an Qualit\u00e4t, Pr\u00e4zision und k\u00fcnstlerische Tiefe.<\/span><\/h6><h6><span style=\"font-size: 18pt;\">Grind Audio steht f\u00fcr professionelles Audio Engineering auf h\u00f6chstem Niveau, aufgebaut auf der Erfahrung, Haltung und \u00c4sthetik, die NoName Records \u00fcber Jahre gepr\u00e4gt haben.\u00a0<\/span><\/h6>\t\t\t\t\t\t\t\t<\/div>\n\t\t\t\t<\/div>\n\t\t\t\t\t<\/div>\n\t\t<\/div>\n\t\t\t\t<div class=\"elementor-column elementor-col-50 elementor-top-column elementor-element elementor-element-7e1a6bf\" data-id=\"7e1a6bf\" data-element_type=\"column\">\n\t\t\t<div class=\"elementor-widget-wrap elementor-element-populated\">\n\t\t\t\t\t\t<div class=\"elementor-element elementor-element-825c109 elementor-widget elementor-widget-spacer\" data-id=\"825c109\" data-element_type=\"widget\" data-widget_type=\"spacer.default\">\n\t\t\t\t<div class=\"elementor-widget-container\">\n\t\t\t\t\t\t\t<div class=\"elementor-spacer\">\n\t\t\t<div class=\"elementor-spacer-inner\"><\/div>\n\t\t<\/div>\n\t\t\t\t\t\t<\/div>\n\t\t\t\t<\/div>\n\t\t\t\t<div class=\"elementor-element elementor-element-cf6ddf9 elementor-widget elementor-widget-image\" data-id=\"cf6ddf9\" data-element_type=\"widget\" data-widget_type=\"image.default\">\n\t\t\t\t<div class=\"elementor-widget-container\">\n\t\t\t\t\t\t\t\t\t\t\t\t\t\t\t<img fetchpriority=\"high\" decoding=\"async\" width=\"774\" height=\"1024\" src=\"https:\/\/noname-records.de\/wp-content\/uploads\/2020\/09\/DSC01743-1-774x1024.jpg\" class=\"attachment-large size-large wp-image-20\" alt=\"\" srcset=\"https:\/\/noname-records.de\/wp-content\/uploads\/2020\/09\/DSC01743-1-774x1024.jpg 774w, https:\/\/noname-records.de\/wp-content\/uploads\/2020\/09\/DSC01743-1-227x300.jpg 227w, https:\/\/noname-records.de\/wp-content\/uploads\/2020\/09\/DSC01743-1-768x1016.jpg 768w, https:\/\/noname-records.de\/wp-content\/uploads\/2020\/09\/DSC01743-1-1162x1536.jpg 1162w, https:\/\/noname-records.de\/wp-content\/uploads\/2020\/09\/DSC01743-1-1549x2048.jpg 1549w, https:\/\/noname-records.de\/wp-content\/uploads\/2020\/09\/DSC01743-1-scaled.jpg 1936w\" sizes=\"(max-width: 774px) 100vw, 774px\" \/>\t\t\t\t\t\t\t\t\t\t\t\t\t\t\t<\/div>\n\t\t\t\t<\/div>\n\t\t\t\t\t<\/div>\n\t\t<\/div>\n\t\t\t\t\t<\/div>\n\t\t<\/section>\n\t\t\t\t<section class=\"elementor-section elementor-top-section elementor-element elementor-element-7a1b9f9 elementor-section-boxed elementor-section-height-default elementor-section-height-default wpr-particle-no wpr-jarallax-no wpr-parallax-no wpr-sticky-section-no\" data-id=\"7a1b9f9\" data-element_type=\"section\">\n\t\t\t\t\t\t<div class=\"elementor-container elementor-column-gap-default\">\n\t\t\t\t\t<div class=\"elementor-column elementor-col-100 elementor-top-column elementor-element elementor-element-a0a0525\" data-id=\"a0a0525\" data-element_type=\"column\">\n\t\t\t<div class=\"elementor-widget-wrap elementor-element-populated\">\n\t\t\t\t\t\t<div class=\"elementor-element elementor-element-c709bff elementor-widget elementor-widget-spacer\" data-id=\"c709bff\" data-element_type=\"widget\" data-widget_type=\"spacer.default\">\n\t\t\t\t<div class=\"elementor-widget-container\">\n\t\t\t\t\t\t\t<div class=\"elementor-spacer\">\n\t\t\t<div class=\"elementor-spacer-inner\"><\/div>\n\t\t<\/div>\n\t\t\t\t\t\t<\/div>\n\t\t\t\t<\/div>\n\t\t\t\t<div class=\"elementor-element elementor-element-5e8f831 elementor-widget elementor-widget-image\" data-id=\"5e8f831\" data-element_type=\"widget\" data-widget_type=\"image.default\">\n\t\t\t\t<div class=\"elementor-widget-container\">\n\t\t\t\t\t\t\t\t\t\t\t\t\t\t\t<img decoding=\"async\" width=\"960\" height=\"540\" src=\"https:\/\/noname-records.de\/wp-content\/uploads\/2020\/11\/NoName-FB-Titelbild-1024x576.jpg\" class=\"attachment-large size-large wp-image-1058\" alt=\"\" srcset=\"https:\/\/noname-records.de\/wp-content\/uploads\/2020\/11\/NoName-FB-Titelbild-1024x576.jpg 1024w, https:\/\/noname-records.de\/wp-content\/uploads\/2020\/11\/NoName-FB-Titelbild-300x169.jpg 300w, https:\/\/noname-records.de\/wp-content\/uploads\/2020\/11\/NoName-FB-Titelbild-768x432.jpg 768w, https:\/\/noname-records.de\/wp-content\/uploads\/2020\/11\/NoName-FB-Titelbild-600x338.jpg 600w, https:\/\/noname-records.de\/wp-content\/uploads\/2020\/11\/NoName-FB-Titelbild-1536x864.jpg 1536w, https:\/\/noname-records.de\/wp-content\/uploads\/2020\/11\/NoName-FB-Titelbild-1140x641.jpg 1140w, https:\/\/noname-records.de\/wp-content\/uploads\/2020\/11\/NoName-FB-Titelbild.jpg 1920w\" sizes=\"(max-width: 960px) 100vw, 960px\" \/>\t\t\t\t\t\t\t\t\t\t\t\t\t\t\t<\/div>\n\t\t\t\t<\/div>\n\t\t\t\t\t<\/div>\n\t\t<\/div>\n\t\t\t\t\t<\/div>\n\t\t<\/section>\n\t\t\t\t<section class=\"elementor-section elementor-top-section elementor-element elementor-element-696f4ec elementor-section-boxed elementor-section-height-default elementor-section-height-default wpr-particle-no wpr-jarallax-no wpr-parallax-no wpr-sticky-section-no\" data-id=\"696f4ec\" data-element_type=\"section\">\n\t\t\t\t\t\t<div class=\"elementor-container elementor-column-gap-default\">\n\t\t\t\t\t<div class=\"elementor-column elementor-col-100 elementor-top-column elementor-element elementor-element-f30f466\" data-id=\"f30f466\" data-element_type=\"column\">\n\t\t\t<div class=\"elementor-widget-wrap elementor-element-populated\">\n\t\t\t\t\t\t<div class=\"elementor-element elementor-element-98319a0 elementor-widget-divider--view-line elementor-widget elementor-widget-divider\" data-id=\"98319a0\" data-element_type=\"widget\" data-widget_type=\"divider.default\">\n\t\t\t\t<div class=\"elementor-widget-container\">\n\t\t\t\t\t\t\t<div class=\"elementor-divider\">\n\t\t\t<span class=\"elementor-divider-separator\">\n\t\t\t\t\t\t<\/span>\n\t\t<\/div>\n\t\t\t\t\t\t<\/div>\n\t\t\t\t<\/div>\n\t\t\t\t<div class=\"elementor-element elementor-element-8500734 elementor-widget elementor-widget-heading\" data-id=\"8500734\" data-element_type=\"widget\" data-widget_type=\"heading.default\">\n\t\t\t\t<div class=\"elementor-widget-container\">\n\t\t\t\t\t<h2 class=\"elementor-heading-title elementor-size-default\">Markenrechte:<\/h2>\t\t\t\t<\/div>\n\t\t\t\t<\/div>\n\t\t\t\t<div class=\"elementor-element elementor-element-4618c46 elementor-widget elementor-widget-heading\" data-id=\"4618c46\" data-element_type=\"widget\" data-widget_type=\"heading.default\">\n\t\t\t\t<div class=\"elementor-widget-container\">\n\t\t\t\t\t<h2 class=\"elementor-heading-title elementor-size-default\"><a href=\"https:\/\/register.dpma.de\/DPMAregister\/marke\/register\/3020200097444\/DE\">\"NoName\":  \n\n<\/a><\/h2>\t\t\t\t<\/div>\n\t\t\t\t<\/div>\n\t\t\t\t<div class=\"elementor-element elementor-element-0f4198d elementor-widget elementor-widget-text-editor\" data-id=\"0f4198d\" data-element_type=\"widget\" data-widget_type=\"text-editor.default\">\n\t\t\t\t<div class=\"elementor-widget-container\">\n\t\t\t\t\t\t\t\t\t<p><a href=\"https:\/\/register.dpma.de\/DPMAregister\/marke\/register\/3020200097444\/DE\">https:\/\/register.dpma.de\/DPMAregister\/marke\/register\/3020200097444\/DE<\/a><\/p>\t\t\t\t\t\t\t\t<\/div>\n\t\t\t\t<\/div>\n\t\t\t\t<div class=\"elementor-element elementor-element-28de624 elementor-widget elementor-widget-heading\" data-id=\"28de624\" data-element_type=\"widget\" data-widget_type=\"heading.default\">\n\t\t\t\t<div class=\"elementor-widget-container\">\n\t\t\t\t\t<h2 class=\"elementor-heading-title elementor-size-default\">\"NoName Records\":<\/h2>\t\t\t\t<\/div>\n\t\t\t\t<\/div>\n\t\t\t\t<div class=\"elementor-element elementor-element-bfabdf7 elementor-widget elementor-widget-text-editor\" data-id=\"bfabdf7\" data-element_type=\"widget\" data-widget_type=\"text-editor.default\">\n\t\t\t\t<div class=\"elementor-widget-container\">\n\t\t\t\t\t\t\t\t\t<p><a href=\"https:\/\/register.dpma.de\/DPMAregister\/marke\/register\/3020201085253\/DE\">https:\/\/register.dpma.de\/DPMAregister\/marke\/register\/3020201085253\/DE<\/a><\/p>\t\t\t\t\t\t\t\t<\/div>\n\t\t\t\t<\/div>\n\t\t\t\t\t<\/div>\n\t\t<\/div>\n\t\t\t\t\t<\/div>\n\t\t<\/section>\n\t\t\t\t<\/div>\n\t\t","protected":false},"excerpt":{"rendered":"<p>NoName (*11.Oktober 1998 in Deutschland; b\u00fcrgerlich Raik Menzel) ist ein Audio Engineer, Produzent, Studioinhaber und Rapper aus NRW. Er besitzt sein eigenes Label &#8222;NoName Records&#8220;.&nbsp; \u00a0 Stil: \u00a0 NoNames Markenzeichen ist ein Bandana mit seinem Logo, das er stets in Musikvideos oder Interviews tr\u00e4gt, seine Spielereien mit der Stimmlage (meist stark gepresst oder eine wimmernde Stimmlage)und die Tatsache, dass die Alben ganze Geschichten erz\u00e4hlen und ein H\u00f6rspiel im Rap-Format darstellen.Oft werden auch kleine H\u00f6rspiel-Skits zur Unterst\u00fctzung der Geschichte eingesprochen (bsp. &#8222;NoName &#8211; NekroRomantik (2018)&#8220; 01. Intro, 18. Outro. &#8222;NoName &#8211; Gespaltene Pers\u00f6nlichkeit (2020)&#8220; 07. Kotzflecken.)Der generelle Musikstil wird dem Horrorkore, Hardcore-Rap oder dem Porno-Rap zugeordnet, allerdings \u00e4hneln die neueren Werke (NoName Records &#8211; Der Sampler (2019), NoName &#8211; Gespaltene Pers\u00f6nlichkeit (2020)eher dem Stra\u00dfen- oder Gangsta-Rap. Entwicklung: \u00a0 Bereits 2013 fing &#8222;NoName&#8220; an, Musik zu produzieren. Zun\u00e4chst nur f\u00fcr sich und seine Freunde, danach f\u00fcr die \u00d6ffentlichkeit.Die ersten Songs wurden mit dem Rapper &#8222;MaVerIcK&#8220; gegen 2014 aufgenommen und produziert. Dieser brachte &#8222;NoName&#8220; die Grundlagen f\u00fcr die Audiobearbeitung bei.Nach dem Einrichten seines ersten Homestudios &#8222;Der Untergrund&#8220; (2015), brachte er seine erste Demo-CD &#8222;NoName &#8211; Das Mixtape (2016)&#8220; heraus.Zeitgleich mit der Er\u00f6ffnung des Homestudios &#8222;Der Untergrund&#8220;, folgte die Gr\u00fcndung der Crew &#8222;NoName Records&#8220;.Nach einigen gescheiterten Gruppen-Projekten entstand die zweite Solo Demo-CD &#8222;NoName &#8211; Die Kannibalen EP (2017)&#8220;.NoName zeichnet sich dadurch aus, dass er eine gescriptete Geschichte \u00fcber eine Album-L\u00e4nge erz\u00e4hlt, so dass man ein H\u00f6rspiel im Rap-Format erh\u00e4lt.Die Geschichte der zweiten Demo-CD hatte ein offenes Ende, so dass sie weiter gef\u00fchrt werden konnte.Diese wurde 2018 mit der dritten Demo-CD &#8222;NoName &#8211; NekroRomantik (2018)&#8220; fortgesetzt.Damit ist NoName der erste deutsche Horrorkore-Rapper, der eine Geschichte \u00fcber mehrere Alben erz\u00e4hlt.Zum gleichen Zeitpunkt ersetzte er sein erstes Homestudio und nannte es fortan &#8222;Der Untergrund 2.0&#8220;, welches professioneller ausgestattet wurde und in diesem Zeitraum das Haupt-Studio der Crew darstellte.2019 erschien die Demo-CD &#8222;NoName Records &#8211; Der Sampler (2019)&#8220;, in dem alle Gruppenprojekte zu einem gro\u00dfen Werk zusammengef\u00fchrt wurden.Die Besonderheit ist die relativ gro\u00dfe Zeitspanne, in der die Aufnahmen entstanden sind (2015-2019).2020 erschien dann das erste offizielle Album von NoName &#8222;Gespaltene Pers\u00f6nlichkeit&#8220; in digitaler und physischer Form.Das Besondere an diesem Album ist, dass der Rapper &#8222;NoName&#8220; das erste Mal nicht aus der Sicht einer Kunstfigur rappt, sondern aus seiner eigenen.NoName berichtet aus tats\u00e4chlichen Ereignissen seines Lebens, dennoch sind Titel auf dem Album, die dem alten Stil treu bleiben und wieder aus der Sicht seiner Kunstfigur stammen.Da &#8222;NoName&#8220; zahlreiche Markenrechte f\u00fcr sich gewinnen konnte, kann er jetzt offiziell handeln und neue Ziele seiner Karriere realisieren.Somit ist &#8222;NoName Records&#8220; offiziell. Ende 2025 gr\u00fcndete Raik Menzel, auch bekannt als NoName, den Premium-Audio-Dienstleister Grind Audio. Mit diesem Schritt endet die offizielle Legacy von NoName Records als aktives Kernprojekt. Das Label bleibt dennoch bestehen: In vereinzelten Releases k\u00f6nnen weiterhin Ver\u00f6ffentlichungen einzelner Mitglieder erscheinen. Der klare Fokus richtet sich jedoch ab diesem Zeitpunkt auf Grind Audio, dies ist die n\u00e4chste Evolutionsstufe, mit kompromisslosem Anspruch an Qualit\u00e4t, Pr\u00e4zision und k\u00fcnstlerische Tiefe. Grind Audio steht f\u00fcr professionelles Audio Engineering auf h\u00f6chstem Niveau, aufgebaut auf der Erfahrung, Haltung und \u00c4sthetik, die NoName Records \u00fcber Jahre gepr\u00e4gt haben.\u00a0 Markenrechte: &#8222;NoName&#8220;: https:\/\/register.dpma.de\/DPMAregister\/marke\/register\/3020200097444\/DE &#8222;NoName Records&#8220;: https:\/\/register.dpma.de\/DPMAregister\/marke\/register\/3020201085253\/DE<\/p>\n","protected":false},"author":1,"featured_media":0,"parent":0,"menu_order":0,"comment_status":"closed","ping_status":"closed","template":"","meta":{"podcast_url":"","podcast_explicit":"no","podcast_captioned":false,"podcast_duration":"","podcast_filesize":0,"podcast_mime":"","enclosure":"","podcast_season_number":"","podcast_episode_number":"","podcast_episode_type":"none","podcast_transcript":"","footnotes":""},"class_list":["post-882","page","type-page","status-publish","hentry"],"_links":{"self":[{"href":"https:\/\/noname-records.de\/index.php?rest_route=\/wp\/v2\/pages\/882","targetHints":{"allow":["GET"]}}],"collection":[{"href":"https:\/\/noname-records.de\/index.php?rest_route=\/wp\/v2\/pages"}],"about":[{"href":"https:\/\/noname-records.de\/index.php?rest_route=\/wp\/v2\/types\/page"}],"author":[{"embeddable":true,"href":"https:\/\/noname-records.de\/index.php?rest_route=\/wp\/v2\/users\/1"}],"replies":[{"embeddable":true,"href":"https:\/\/noname-records.de\/index.php?rest_route=%2Fwp%2Fv2%2Fcomments&post=882"}],"version-history":[{"count":143,"href":"https:\/\/noname-records.de\/index.php?rest_route=\/wp\/v2\/pages\/882\/revisions"}],"predecessor-version":[{"id":3293,"href":"https:\/\/noname-records.de\/index.php?rest_route=\/wp\/v2\/pages\/882\/revisions\/3293"}],"wp:attachment":[{"href":"https:\/\/noname-records.de\/index.php?rest_route=%2Fwp%2Fv2%2Fmedia&parent=882"}],"curies":[{"name":"wp","href":"https:\/\/api.w.org\/{rel}","templated":true}]}}